actors of 14864886.
2, 3, 825827
List the prime factors of 3235115.
5, 13, 71, 701
What are the prime factors of 8288091?
3, 7, 293, 449
List the prime factors of 46413.
3, 191
What are the prime factors of 159962?
2, 11, 661
What are the prime factors of 17083329?
3, 5694443
What are the prime factors of 1387740?
2, 3, 5, 101, 229
What are the prime factors of 5208841?
11, 473531
What are the prime factors of 36448?
2, 17, 67
What are the prime factors of 2256792?
2, 3, 94033
What are the prime factors of 2052220?
2, 5, 102611
List the prime factors of 93772.
2, 7, 17, 197
What are the prime factors of 34692?
2, 3, 7, 59
List the prime factors of 2426369.
11, 220579
List the prime factors of 357261.
3, 119087
List the prime factors of 270658.
2, 135329
What are the prime factors of 6617318?
2, 17, 41, 47, 101
What are the prime factors of 283385?
5, 19, 157
What are the prime factors of 403228?
2, 7, 14401
List the prime factors of 224664.
2, 3, 11, 23, 37
List the prime factors of 1183898.
2, 277, 2137
What are the prime factors of 596787?
3, 198929
What are the prime factors of 10890568?
2, 13, 104717
List the prime factors of 16697385.
3, 5, 53, 7001
List the prime factors of 629666.
2, 37, 67, 127
List the prime factors of 23173857.
3, 7, 23, 1777
List the prime factors of 19942758.
2, 3, 11, 47, 2143
What are the prime factors of 1154982?
2, 3, 192497
What are the prime factors of 22386517?
37, 167, 3623
List the prime factors of 401747.
241, 1667
What are the prime factors of 382286?
2, 191143
What are the prime factors of 1742021?
1742021
What are the prime factors of 325430?
2, 5, 7, 4649
What are the prime factors of 1700195?
5, 7, 31, 1567
What are the prime factors of 1112473?
283, 3931
What are the prime factors of 13530514?
2, 6765257
List the prime factors of 8017619.
8017619
What are the prime factors of 586428?
2, 3, 48869
What are the prime factors of 6286702?
2, 17, 184903
List the prime factors of 123616.
2, 3863
What are the prime factors of 2094748?
2, 23, 22769
What are the prime factors of 4180175?
5, 271, 617
List the prime factors of 617418.
2, 3, 34301
List the prime factors of 14670012.
2, 3, 7, 61, 409
List the prime factors of 10092543.
3, 17, 197893
What are the prime factors of 3310229?
13, 23, 11071
What are the prime factors of 2933277?
3, 19, 51461
What are the prime factors of 3460572?
2, 3, 97, 991
List the prime factors of 8901717.
3, 11, 269749
What are the prime factors of 8375723?
139, 60257
List the prime factors of 1407455.
5, 7, 40213
What are the prime factors of 489377?
7, 69911
List the prime factors of 8195535.
3, 5, 182123
What are the prime factors of 9658908?
2, 3, 7, 38329
What are the prime factors of 1449203?
7, 207029
List the prime factors of 892904.
2, 239, 467
List the prime factors of 108669.
3, 11, 37, 89
List the prime factors of 3164388.
2, 3, 37, 7127
List the prime factors of 5237720.
2, 5, 37, 3539
List the prime factors of 31799859.
3, 7, 13, 116483
What are the prime factors of 10367134?
2, 5183567
What are the prime factors of 169089?
3, 157, 359
What are the prime factors of 891725?
5, 53, 673
List the prime factors of 8682323.
13, 523, 1277
List the prime factors of 15085.
5, 7, 431
List the prime factors of 942769.
17, 55457
List the prime factors of 307432.
2, 83, 463
What are the prime factors of 18544104?
2, 3, 37, 6961
List the prime factors of 121240.
2, 5, 7, 433
What are the prime factors of 1898717?
29, 233, 281
What are the prime factors of 232765?
5, 13, 3581
List the prime factors of 1615791.
3, 538597
List the prime factors of 916084.
2, 13, 79, 223
What are the prime factors of 754221?
3, 13, 83, 233
What are the prime factors of 1517239?
1517239
What are the prime factors of 1338282?
2, 3, 11, 751
What are the prime factors of 1879883?
107, 17569
List the prime factors of 51775.
5, 19, 109
What are the prime factors of 4020197?
4020197
What are the prime factors of 1473457?
227, 6491
What are the prime factors of 786055?
5, 157211
What are the prime factors of 2859396?
2, 3, 239, 997
List the prime factors of 77279.
77279
List the prime factors of 2801954.
2, 109, 12853
List the prime factors of 73610.
2, 5, 17, 433
List the prime factors of 10505719.
7, 1500817
What are the prime factors of 635270?
2, 5, 63527
List the prime factors of 842569.
7, 13, 47, 197
What are the prime factors of 131964?
2, 3, 7, 1571
What are the prime factors of 476502?
2, 3, 13, 41, 149
What are the prime factors of 2581845?
3, 5, 7, 67, 367
List the prime factors of 8686007.
11, 233, 3389
What are the prime factors of 519396?
2, 3, 43283
List the prime factors of 538326.
2, 3, 3323
What are the prime factors of 3616229?
3616229
List the prime factors of 702040.
2, 5, 17551
List the prime factors of 255793.
229, 1117
What are the prime factors of 409265?
5, 81853
List the prime factors of 3222518.
2, 13, 41, 3023
List the prime factors of 5978885.
5, 11, 108707
What are the prime factors of 233627?
307, 761
What are the prime factors of 4039608?
2, 3, 17, 9901
What are the prime factors of 8731090?
2, 5, 873109
What are the prime factors of 83766?
2, 3, 23, 607
List the prime factors of 29772917.
1151, 25867
What are the prime factors of 352905?
3, 5, 7, 3361
List the prime factors of 13761891.
3, 11, 13, 17, 37
List the prime factors of 10812562.
2, 5406281
List the prime factors of 174681.
3, 13, 1493
What are the prime factors of 2654634?
2, 3, 442439
What are the prime factors of 494856?
2, 3, 29, 79
List the prime factors of 1039632.
2, 3, 11, 179
What are the prime factors of 658530?
2, 3, 5, 271
What are the prime factors of 1283793?
3, 7, 113, 541
List the prime factors of 84387.
3, 23, 1223
What are the prime factors of 21568225?
5, 7, 37, 3331
What are the prime factors of 12841131?
3, 19, 71, 167
What are the prime factors of 1864708?
2, 269, 1733
List the prime factors of 11957053.
43, 278071
What are the prime factors of 2185906?
2, 743, 1471
What are the prime factors of 695767?
241, 2887
What are the prime factors of 29234?
2, 47, 311
What are the prime factors of 178511?
137, 1303
List the prime factors of 57980.
2, 5, 13, 223
What are the prime factors of 7387371?
3, 19, 43201
List the prime factors of 18671397.
3, 239, 26041
What are the prime factors of 141417?
3, 19, 827
List the prime factors of 1091375.
5, 8731
List the prime factors of 700755.
3, 5, 11, 31, 137
What are the prime factors of 11236784?
2, 13, 89, 607
List the prime factors of 164589.
3, 83, 661
List the prime factors of 702540.
2, 3, 5, 1301
List the prime factors of 777548.
2, 29, 6703
List the prime factors of 1433929.
7, 79, 2593
List the prime factors of 379698.
2, 3, 11, 523
What are the prime factors of 3260369?
7, 233, 1999
What are the prime factors of 281067?
3, 19, 4931
List the prime factors of 161829.
3, 17981
List the prime factors of 4650351.
3, 1129, 1373
What are the prime factors of 17942178?
2, 3, 421, 7103
What are the prime factors of 366727?
366727
List the prime factors of 129013.
17, 7589
What are the prime factors of 1975111?
17, 223, 521
What are the prime factors of 12367?
83, 149
What are the prime factors of 1922562?
2, 3, 35603
List the prime factors of 9727575.
3, 5, 11, 13, 907
List the prime factors of 4755585.
3, 5, 43, 73, 101
What are the prime factors of 18416161?
18416161
List the prime factors of 3982757.
1427, 2791
What are the prime factors of 595551?
3, 11, 18047
What are the prime factors of 151473?
3, 7, 7213
What are the prime factors of 83646?
2, 3, 1549
List the prime factors of 586771.
137, 4283
What are the prime factors of 3575183?
3575183
List the prime factors of 4979153.
4979153
What are the prime factors of 2955811?
19, 155569
List the prime factors of 667373.
7, 95339
What are the prime factors of 5036022?
2, 3, 279779
List the prime factors of 5056849.
7, 23, 641
What are the prime factors of 273540?
2, 3, 5, 47, 97
What are the prime factors of 618692?
2, 137, 1129
List the prime factors of 702144.
2, 3, 23, 53
What are the prime factors of 3839635?
5, 631, 1217
What are the prime factors of 493579?
493579
List the prime factors of 1951616.
2, 79, 193
List the prime factors of 713009.
11, 53, 1223
List the prime factors of 3897232.
2,